 is the greatest common factor of x and 56?
14
Let t(n) = -n**2 - 4*n - 1. Let c be t(-3). What is the greatest common divisor of c and 18?
2
Suppose l - 3*o = 2*l, 3*l - 28 = 5*o. Suppose 2*x = l*x - 504. Calculate the highest common divisor of x and 18.
18
Suppose -4*h + 2*y + 86 = 0, 3*y - 7*y - 4 = 0. Let p = -7 - -28. What is the highest common divisor of p and h?
21
Let m = -59 - -87. Calculate the greatest common factor of 14 and m.
14
Let t be (1/2)/((-4)/(-936)). Calculate the greatest common divisor of 13 and t.
13
Let c = -18 + 19. Calculate the highest common factor of 3 and c.
1
Suppose -o + 61 = 6. Suppose o = 6*y - y. Calculate the highest common divisor of 33 and y.
11
Suppose 0 = -4*p + 5*v - 62, -6*p - 4*v = -2*p + 44. Let j be 0 + -1 - (p - 7). What is the highest common factor of j and 57?
19
Let y = -32 + 8. Let n = y - -38. Calculate the highest common factor of 14 and n.
14
Suppose 4*v + 5*n = 463, 0 = 3*v - 0*v - 3*n - 327. What is the highest common divisor of 14 and v?
14
Let v(d) be the second derivative of d**3 + 3*d**2/2 - d. Let g be v(6). Let u be (-13)/(2 + (-6)/2). What is the highest common factor of g and u?
13
Let n be ((-28)/(-6))/((-2)/(-15)). Let l(f) = -15*f - 1. Let s be l(-1). Calculate the highest common factor of s and n.
7
Suppose -4*g - 3*r + 191 = 0, -2*r = -4*g - 64 + 230. Calculate the greatest common divisor of g and 11.
11
Suppose -3*i - 40 = -5*s, -2*s = 2*i - 5*i - 25. Suppose 617 - 17 = s*g. Calculate the highest common divisor of g and 15.
15
Let l be (-12)/(-10)*(-45)/(-3). Let g = l - 7. What is the highest common divisor of 33 and g?
11
Suppose 0 = -5*d + 4*v - 2*v + 43, 2*v = 4*d - 34. Calculate the greatest common divisor of d and 3.
3
Let o(v) = v**2 - 10*v + 19. Let u be o(8). Calculate the highest common divisor of u and 4.
1
Suppose -2*o - 345 = 161. Let b be o/(-4) - 1/4. Let t = -42 + 84. What is the greatest common divisor of b and t?
21
Let r(w) = 12 + 4 - 2*w**3 + 3*w**3 + w - 11*w**2. Let t be r(11). Let m = -17 + t. What is the highest common factor of 40 and m?
10
Let i be (-2 - -1)/((-10)/(-20)). Let x(t) = -17*t + 1. Let n be x(i). What is the greatest common factor of n and 14?
7
Let u be 35/15 - 2/6. Calculate the highest common divisor of 4 and u.
2
Let k(d) be the first derivative of d**4/4 - 5*d**3/3 + 7*d - 2. Let u be k(5). What is the greatest common factor of 7 and u?
7
Suppose 4 = -f, 1 = -3*q - 5*f - 4. Suppose v = -q*d + 15, -2*v + 4*d = -3*v + 15. Let o be 201/v + 4/(-10). Calculate the greatest common factor of o and 13.
13
Suppose -u + 42 = 4*d, d = 3*u - 4*d - 58. Let h = u + -14. Let v = 46 + -22. Calculate the greatest common factor of h and v.
12
Let h(a) = -a**3 + 6*a**2 + 3*a + 6. Let t be h(6). Let j = -46 - -28. Let c = 24 + j. Calculate the greatest common divisor of t and c.
6
Let m = 28 - 1. Suppose -22 - 14 = -2*o. What is the greatest common divisor of o and m?
9
Let h = 113 + -96. Calculate the greatest common factor of 85 and h.
17
Let n(s) = s**3 + 9*s**2 - 12*s - 5. Let z be n(-10). Calculate the greatest common factor of z and 15.
15
Let o = 6 - 4. Suppose -i + o*i = 3. Suppose -2*k = i*k - 490. Calculate the highest common factor of 14 and k.
14
Suppose -5*n - 39 = -3*t, 2*t = -t - 5*n + 39. Suppose -2*l - 2*q - q + 27 = 0, 2*q = -l + t. Calculate the highest common factor of l and 15.
15
Let p = -9 - -10. Let h be p/3 + 118/6. What is the greatest common divisor of 20 and h?
20
Let y be (-15)/(-2) - 3/(-6). Calculate the highest common factor of 12 and y.
4
Suppose -4*p + 181 = 37. Suppose 0*v = z - 5*v - 34, 2*z - 8 = -2*v. Calculate the highest common divisor of z and p.
9
Let v(r) = -r**3 + 6*r**2 + 5*r - 6. Let g be v(6). Calculate the highest common factor of g and 6.
6
Let m = -73 + 163. Calculate the greatest common divisor of m and 10.
10
Let u = -169 - -174. Calculate the greatest common factor of 65 and u.
5
Let p be -10 + (-3 - 2/(-2)). Let s be 0 - -10 - 24/p. Calculate the greatest common factor of s and 12.
12
Suppose -2*g + 42 = -0. Suppose 4*i - 15 = -i. Calculate the highest common factor of i and g.
3
Suppose -70 = -6*g + 4*g. Suppose t + 3*t = 56. Calculate the highest common factor of g and t.
7
Let q(s) = s + 34. Let h be q(0). Suppose -z - 1 + 18 = 0. Calculate the highest common divisor of h and z.
17
Suppose 2*x - 2*b = 62, 0 = 2*x - 5*b + 6*b - 65. Let p be (-1 + -2)*28/12. Let v = p + 15. Calculate the greatest common factor of v and x.
8
Let s = 97 - 88. Calculate the greatest common factor of s and 18.
9
Let s = 15 + -3. Calculate the greatest common factor of 36 and s.
12
Let r be (-6)/(-18) + 52/6. What is the greatest common factor of r and 27?
9
Let z = 100 - 97. Calculate the highest common divisor of z and 6.
3
Let h = -10 - -17. Let v = 12 - h. Let p(l) = 7*l - 6. Let r be p(3). What is the highest common divisor of r and v?
5
Suppose 0*d + 4*d = 64. Calculate the highest common divisor of d and 2.
2
Let c be 3*-2*27/(-18). Calculate the highest common factor of c and 18.
9
Let m(k) be the third derivative of -k**4/24 - 5*k**3/6 - 4*k**2. Let n be m(-9). What is the highest common divisor of 32 and n?
4
Let p be (-5)/(100/(-24))*(7 - 2). What is the greatest common factor of p and 30?
6
Let r(j) = j**2 + 6*j + 7. Let b be r(-5). Let p be 21 + -1 + (0 - -2). What is the greatest common divisor of p and b?
2
Let d = -111 + 186. Calculate the greatest common divisor of 30 and d.
15
Let i = -4 - 6. Let h be (4/i)/((-5)/50). Let d(z) = 2*z**3 - 6*z**2 + 4*z - 6. Let a be d(h). Calculate the greatest common divisor of 6 and a.
6
Suppose j = 3*j - 4. Suppose 4*g + 0*g - z - 37 = 0, 0 = j*g + 4*z + 4. What is the greatest common divisor of g and 20?
4
Suppose 326 - 68 = 3*c. What is the highest common factor of c and 129?
43
Let f(k) = -6*k - 8. Let u be f(-4). What is the greatest common divisor of u and 4?
4
Let g(p) = -5*p - 2. Let u be g(-4). Let b = 194 - 104. What is the greatest common divisor of u and b?
18
Let u be 5/((-5)/(-2)) + 1. Suppose u*a + 4 = 2*o + a, -3*o - 3*a = 0. Calculate the highest common divisor of 2 and o.
1
Let s(n) = -6*n + 27. Let i be s(-18). Calculate the highest common divisor of i and 45.
45
Suppose -3*y = 2*y - 860. Let j = -95 + y. Calculate the greatest common factor of j and 11.
11
Let o be (56/6)/((-10)/(-45)). Calculate the greatest common factor of 56 and o.
14
Let j(y) = 17*y**3 + y**2. Let w be j(1). Calculate the highest common divisor of w and 198.
18
Suppose -4*t + 0*t + 16 = 0. Let m = 22 - t. Suppose -168 = -4*l - 3*x, l - 3*x - 58 = -1. Calculate the greatest common factor of l and m.
9
Let y be 105/20 - (-3)/(-12). Let j = 27 - 15. Let n = j - y. What is the greatest common factor of 77 and n?
7
Let x = -73 - -78. What is the highest common divisor of 15 and x?
5
Let x(d) = d**2 - d + 4. Let n be x(0). Suppose 3*m + n*s = 16, -4*s + 3 = -1. Let o be (-7)/(-4) + 1/m. What is the greatest common divisor of 6 and o?
2
Let r(n) = n**2 + 8*n - 8. Let c be r(-11). What is the greatest common divisor of 5 and c?
5
Let z(x) = -52*x**3 - x**2 + x + 1. Let k be z(-1). What is the highest common divisor of 17 and k?
17
Suppose j - k = -3*j + 23, 29 = 2*j + 3*k. Suppose -5*d + j = 2. Let g(v) = 3*v - 1. Let q be g(d). What is the greatest common divisor of q and 22?
2
Suppose 5*t + 3*c = 87, 5*c + 7 = t + 3*c. Suppose -2*y + 11 = 5*v, -v + 1 + 8 = -3*y. Calculate the highest common factor of t and v.
3
Let g(c) = -13*c - 2. Let w be g(-1). What is the highest common divisor of w and 99?
11
Suppose 0 = 2*d - 4*p + 6*p - 22, 0 = -4*d - p + 53. Let x = 1 + 31. Let f = x + 24. What is the greatest common factor of f and d?
14
Suppose -4*x + 40 = 2*m, 5*x + 76 = -2*m + 4*m. What is the highest common divisor of 70 and m?
14
Let k(h) = h**2 - h + 46. Let n be k(0). Suppose 5*g + 4*t - t = 3, 4*t - 4 = 2*g. Suppose g = 2*d - n + 4. Calculate the greatest common factor of d and 3.
3
Let f be ((-2)/2)/((-1)/2). Suppose -2*j = -k + 146, -3*k - 3*j - f*j + 383 = 0. What is the greatest common factor of 17 and k?
17
Let c(l) = 104*l**2 + 2*l - 2. Let p be c(2). Suppose -s - p = -3*s. What is the greatest common factor of 19 and s?
19
Let g(k) = 2*k**2 + k**3 - 10*k + 9 - 5*k**2 +